25494681?
1569
Calculate the greatest common factor of 243038243 and 73.
73
Calculate the greatest common divisor of 205612 and 3124.
44
Calculate the greatest common divisor of 84688680 and 635.
635
Calculate the highest common factor of 706 and 1314390911.
353
What is the greatest common factor of 44282576 and 26?
26
Calculate the highest common divisor of 2962166207 and 91.
91
Calculate the highest common factor of 220597401 and 177.
177
What is the greatest common factor of 7685 and 1067055?
145
Calculate the greatest common factor of 610944 and 5248.
128
Calculate the greatest common factor of 381 and 36938204.
127
Calculate the greatest common factor of 107748 and 10653768.
1476
Calculate the greatest common divisor of 15967527 and 30.
3
What is the highest common divisor of 1577 and 1747449?
19
What is the greatest common divisor of 15497502 and 171?
57
What is the highest common factor of 20026750 and 750?
250
What is the greatest common factor of 9775 and 1914175?
575
Calculate the greatest common divisor of 8871495 and 1673391.
8409
Calculate the highest common factor of 4921007 and 3094.
1547
What is the greatest common divisor of 2330858 and 258?
86
Calculate the highest common factor of 265932 and 1406601.
747
What is the highest common factor of 272559900 and 6?
6
Calculate the greatest common divisor of 486 and 45183177.
243
What is the greatest common factor of 51940 and 942870?
530
Calculate the greatest common divisor of 1439448349 and 879.
293
Calculate the greatest common divisor of 3432440 and 100.
20
Calculate the highest common divisor of 2884 and 135659034.
1442
Calculate the greatest common factor of 2882000 and 625.
125
What is the highest common factor of 1726001 and 98763?
4703
What is the highest common factor of 412363883 and 17?
17
What is the greatest common factor of 3445914 and 3834?
426
Calculate the greatest common factor of 376272 and 253968.
624
What is the highest common factor of 26 and 8196253?
13
Calculate the greatest common divisor of 4213090 and 1715546.
6062
What is the highest common factor of 544120 and 1159?
61
What is the greatest common factor of 34650 and 2082234?
462
What is the highest common divisor of 375 and 9931000?
125
Calculate the highest common factor of 80909406 and 6730.
1346
Calculate the greatest common divisor of 41495176 and 3119.
3119
What is the greatest common factor of 200373 and 12?
3
What is the highest common divisor of 116 and 151722316?
116
Calculate the greatest common divisor of 1976 and 3010132.
76
What is the highest common factor of 19552 and 7025278?
1222
What is the greatest common divisor of 99 and 1138159?
11
What is the highest common factor of 9980806 and 154?
22
What is the highest common divisor of 32141512 and 13572?
1508
What is the greatest common factor of 118 and 34415998?
118
What is the greatest common factor of 20556 and 11414861?
571
What is the highest common factor of 163822 and 8282?
202
Calculate the highest common factor of 547404 and 71313.
33
What is the greatest common divisor of 5577441 and 6312?
789
Calculate the highest common divisor of 16158 and 101826.
6
What is the highest common factor of 592 and 15591652?
148
What is the greatest common divisor of 26515 and 11635?
5
What is the highest common divisor of 48796 and 1374626?
22
Calculate the greatest common factor of 49248848 and 32.
16
What is the greatest common factor of 486816 and 37428?
12
What is the greatest common divisor of 4303 and 37479?
13
What is the greatest common factor of 115824 and 415758?
114
Calculate the greatest common divisor of 51267 and 50439.
69
Calculate the highest common factor of 16123 and 3448219.
701
Calculate the highest common factor of 387000947 and 1497.
499
What is the highest common divisor of 2619 and 46044639?
2619
What is the highest common divisor of 297198 and 981?
9
What is the highest common divisor of 4847505 and 390?
195
What is the highest common factor of 22341 and 1405503?
33
Calculate the highest common divisor of 8 and 2959008.
8
Calculate the greatest common factor of 32453829 and 2115.
423
What is the highest common divisor of 1477 and 4698126?
211
What is the highest common divisor of 67737 and 235226?
337
What is the greatest common divisor of 16235150 and 3050?
3050
Calculate the greatest common divisor of 898375 and 3125.
125
What is the highest common factor of 555023537 and 1592?
199
Calculate the greatest common divisor of 12519485 and 33.
11
Calculate the highest common divisor of 5873 and 12305613.
839
What is the highest common factor of 108 and 924248772?
108
What is the greatest common factor of 50870 and 45270?
10
Calculate the highest common divisor of 73873095 and 362160.
7545
Calculate the greatest common factor of 13142446 and 20.
2
What is the greatest common factor of 22101 and 2434029?
417
What is the highest common divisor of 45 and 1006705?
5
What is the greatest common factor of 2244 and 23823052?
748
Calculate the greatest common factor of 346 and 397169594.
346
Calculate the highest common divisor of 541818224 and 32.
16
Calculate the highest common factor of 5780327 and 82838.
679
Calculate the highest common divisor of 9009 and 553404852.
9009
Calculate the greatest common divisor of 324961712 and 760.
152
What is the highest common factor of 1862592 and 9792?
192
What is the highest common divisor of 8352 and 66762?
18
Calculate the greatest common divisor of 33105842 and 4235.
847
Calculate the greatest common divisor of 11697 and 255507.
21
Calculate the highest common factor of 143 and 20892716.
13
What is the highest common divisor of 219 and 63540879?
219
Calculate the highest common factor of 30864 and 133428.
12
Calculate the greatest common factor of 206808 and 2247.
21
What is the highest common divisor of 60 and 36582552?
12
What is the highest common factor of 248052 and 24612?
84
Calculate the greatest common divisor of 503742 and 27037.
1423
What is the greatest common factor of 24737 and 1653?
29
What is the greatest common factor of 16 and 8674842?
2
Calculate the highest common factor of 1 and 7060609.
1
What is the greatest common factor of 112231173 and 43590?
4359
Calculate the highest common factor of 33261012 and 432.
36
What is the highest common divisor of 112896 and 223048?
392
Calculate the highest common factor of 1379408 and 12832746.
2362
Calculate the greatest common factor of 12922 and 22302449.
923
Calculate the highest common factor of 14 and 16969820.
14
Calculate the greatest common divisor of 1398123 and 2655.
531
What is the greatest common divisor of 76795005 and 7335?
2445
Calculate the highest common divisor of 1388167 and 97.
97
What is the greatest common divisor of 242517768 and 240?
24
Calculate the highest common divisor of 3 and 11379447.
3
Calculate the greatest common divisor of 1744 and 955427728.
1744
What is the greatest common divisor of 93721979 and 13?
13
Calculate the greatest common factor of 750890 and 120.
10
Calculate the greatest common factor of 190 and 154221898.
38
What is the highest common factor of 47644 and 679204?
1108
Calculate the highest common divisor of 4150 and 49208210.
830
Calculate the highest common factor of 88652895 and 5430.
2715
Calculate the highest common factor of 260579 and 88891.
11
What is the highest common divisor of 122 and 250072001?
61
Calculate the highest common factor of 62645234 and 62.
62
Calculate the highest common factor of 505 and 7275838.
101
What is the highest common divisor of 1036674 and 6?
6
Calculate the greatest common divisor of 604308816 and 1296.
432
Calculate the greatest common divisor of 14064 and 481106.
586
What is the highest common factor of 76472 and 21670253?
9559
What is the highest common factor of 34 and 21605742?
34
Calculate the greatest common divisor of 1237875 and 286125.
375
Calculate the greatest common factor of 264 and 11483.
1
What is the highest common divisor of 20398 and 53298?
658
Calculate the highest common factor of 101980977 and 238.
119
Calculate the greatest common divisor of 59 and 13983649.
59
What is the greatest common divisor of 4329270 and 24750?
990
What is the greatest common divisor of 2368 and 11841184?
1184
Calculate the highest common divisor o